{"id":12,"date":"2013-06-25T16:05:08","date_gmt":"2013-06-25T14:05:08","guid":{"rendered":"http:\/\/abenteuer-siedeln.de\/blog\/?page_id=12"},"modified":"2025-11-27T22:40:04","modified_gmt":"2025-11-27T20:40:04","slug":"impressum","status":"publish","type":"page","link":"https:\/\/abenteuer-siedeln.de\/blog\/impressum\/","title":{"rendered":"Impressum"},"content":{"rendered":"<h3 class=\"o-cms-content__headline\">Anbieterkennung nach \u00a7 5 TMG<\/h3>\n<p><strong>Bayerisches Rotes Kreuz, K\u00f6rperschaft des \u00f6ffentlichen Rechts<br \/>\nBezirksverband Schwaben<\/strong><br \/>\nvertreten durch den Bezirksgesch\u00e4ftsf\u00fchrer Robert Augustin<br \/>\nFabrikstra\u00dfe 2<br \/>\n86199 Augsburg<\/p>\n<p>Telefon: (08 21) 90 60 777<\/p>\n<p>eMail: info.bvswb@brk.de<\/p>\n<p>Sofern Sie \u00fcber eine sichere elektronische Verbindung mit uns in Kontakt treten wollen, nutzen Sie unser verschl\u00fcsseltes\u00a0<a href=\"https:\/\/www.bvschwaben.brk.de\/wir-ueber-uns\/kontakt\/kontaktformular.html\" target=\"_blank\" rel=\"noopener\"><strong>Kontaktformular.<\/strong><\/a><\/p>\n<p><strong>Die hier enthaltenen Informationen beinhalten die gesetzlich vorgesehenen Pflichtangaben zur Anbieterkennzeichnung zur Internetpr\u00e4senz des Bayerischen Roten Kreuzes. Dieses Impressum gilt ebenso f\u00fcr die\u00a0BRK-Seiten des Bezirksverbandes bei Facebook\u00a0und anderen sozialen Netzwerken.<\/strong><\/p>\n<p>Vertretungsberechtigte<\/p>\n<p>Der\u00a0<strong>BRK-Bezirksverband Schwaben\u00a0<\/strong>wird gesetzlich vertreten durch den Vorsitzenden Dr. Klaus Metzger und den Bezirksgesch\u00e4ftsf\u00fchrer Robert Augustin.<\/p>\n<p>Das Bayerische Rote Kreuz (BRK) ist eine\u00a0<strong>K\u00f6rperschaft des \u00f6ffentlichen Rechts<\/strong>. Die K\u00f6rperschaft des BRK wird vertreten durch das<\/p>\n<p>Pr\u00e4sidium<br \/>\nBauernfeindstra\u00dfe 17<br \/>\n80939 M\u00fcnchen<\/p>\n<p><strong>Pr\u00e4sident: <\/strong>Hans-Michael Weisky<strong><br \/>\nLandesgesch\u00e4ftsf\u00fchrer: <\/strong>Robert Augustin<\/p>\n<p><strong>Telefon:<\/strong>\u00a0089 \/ 92 41-0<br \/>\n<strong>Fax:\u00a0<\/strong>089 \/ 9241-1200<br \/>\n<strong>E-Mail: <\/strong><a href=\"https:\/\/www.brk-nu.de\/service\/impressum.html#\" data-mailto-token=\"kygjrm8gldmYzpi,bc\" data-mailto-vector=\"-2\">info(at)brk(dot)de<\/a><br \/>\n<strong>Internet:\u00a0<\/strong><a href=\"http:\/\/www.brk.de\/\" target=\"_blank\" rel=\"noopener noreferrer\">www.brk.de<\/a><\/p>\n<p>Internet-Webmaster: Peter Huber \/ Thomas Haugg<\/p>\n<p><strong>USt-Id.-Nr.:<\/strong>\u00a0DE129523533<\/p>\n<h3 class=\"o-cms-content__headline\">Haftungsausschluss<\/h3>\n<div class=\"o-cms-content__body\">\n<div class=\"o-media o-media--stacked\">\n<div class=\"o-media__body\">\n<h3>1. Inhalt der Seiten<\/h3>\n<p>Der\u00a0<b>BRK-Bezirksverband Schwaben<\/b> \u00fcbernimmt keinerlei Gew\u00e4hr f\u00fcr die Aktualit\u00e4t, Korrektheit, Vollst\u00e4ndigkeit oder Qualit\u00e4t der bereitgestellten Inhalte. Haftungsanspr\u00fcche gegen den\u00a0<b>BRK-Bezirksverband Schwaben<\/b>, welche sich auf Sch\u00e4den materieller oder ideeller Art beziehen, die durch die Nutzung oder Nichtnutzung der dargebotenen Informationen bzw. durch die Nutzung fehlerhafter und unvollst\u00e4ndiger Informationen verursacht wurden, sind grunds\u00e4tzlich ausgeschlossen, sofern seitens des\u00a0<b>BRK-Bezirksverband Schwaben<\/b>\u00a0kein nachweislich vors\u00e4tzliches oder grob fahrl\u00e4ssiges Verschulden vorliegt.<\/p>\n<h3>2. Verweise und Links<\/h3>\n<p>Die Verantwortlichkeit des Diensteanbieters beschr\u00e4nkt sich gem\u00e4\u00df \u00a7 7 Abs. 1 TMG ausschlie\u00dflich auf die vom Diensteanbieter bereitgehaltenen eigenen Inhalte. Dar\u00fcber hinaus enth\u00e4lt die Website auch entsprechend gekennzeichnete Verweise oder Links auf Websites Dritter. Auf die aktuelle und zuk\u00fcnftige Gestaltung, die Inhalte oder die Urheberschaft der verlinkten\/verkn\u00fcpften Seiten hat der\u00a0<b>BRK-Bezirksverband Schwaben<\/b>\u00a0keinerlei Einfluss. F\u00fcr den Inhalt der Seite ist allein der jeweilige Anbieter der Seite verantwortlich, weshalb der\u00a0<b>BRK-Bezirksverband Schwaben<\/b>\u00a0diesbez\u00fcglich keine Gew\u00e4hr \u00fcbernimmt.<\/p>\n<p>Der\u00a0<b>BRK-Bezirksverband Schwaben<\/b>\u00a0erkl\u00e4rt hiermit ausdr\u00fccklich, dass zum Zeitpunkt der Linksetzung keine illegalen Inhalte auf den zu verlinkenden Seiten erkennbar waren. Eine permanente inhaltliche Kontrolle der verlinkten Seiten ohne konkrete Anhaltspunkte einer Rechtsverletzung ist jedoch nicht zumutbar. Bei Bekanntwerden von Rechtsverletzungen werden derartige Links umgehend entfernt.<\/p>\n<h3>3. Urheber- und Kennzeichenrecht<\/h3>\n<p>Der\u00a0<b>BRK-Bezirksverband Schwaben<\/b>\u00a0ist bestrebt, in allen Publikationen die Urheberrechte der verwendeten Bilder, Grafiken, Tondokumente, Videosequenzen und Texte zu beachten, von ihm selbst erstellte Bilder, Grafiken, Tondokumente, Videosequenzen und Texte zu nutzen oder auf lizenzfreie Grafiken, Tondokumente, Videosequenzen und Texte zur\u00fcckzugreifen.<\/p>\n<p>Alle innerhalb des Internetangebotes genannten und ggf. durch Dritte gesch\u00fctzten Marken- und Warenzeichen unterliegen uneingeschr\u00e4nkt den Bestimmungen des jeweils g\u00fcltigen Kennzeichenrechts und den Besitzrechten der jeweiligen eingetragenen Eigent\u00fcmer. Allein aufgrund der blo\u00dfen Nennung ist nicht der Schluss zu ziehen, dass Markenzeichen nicht durch Rechte Dritter gesch\u00fctzt sind!<\/p>\n<p>Das Copyright f\u00fcr ver\u00f6ffentlichte, vom\u00a0<b>BRK-Bezirksverband Schwaben<\/b>\u00a0selbst erstellte Objekte bleibt allein beim Autor der Seiten. Eine Vervielf\u00e4ltigung, Bearbeitung, Verbreitung und jede Art der Verwertung au\u00dferhalb der Grenzen des Urheberrechts solcher Grafiken, Tondokumente, Videosequenzen und Texte in anderen elektronischen oder gedruckten Publikationen bed\u00fcrfen der schriftlichen Zustimmung des Autors. Downloads und Kopien sind nur f\u00fcr den privaten, nicht aber den kommerziellen Gebrauch gestattet.<\/p>\n<h4>4. Datenschutz<\/h4>\n<p>Sofern innerhalb der Website die M\u00f6glichkeit zur Eingabe pers\u00f6nlicher oder gesch\u00e4ftlicher Daten (Mailadressen, Namen, Anschriften) besteht, so erfolgt die Preisgabe dieser Daten seitens des Nutzers auf ausdr\u00fccklich freiwilliger Basis. Die Inanspruchnahme und ggf. Bezahlung aller angebotenen Dienste ist &#8211; soweit technisch m\u00f6glich und zumutbar &#8211; auch ohne Angabe solcher Daten bzw. unter Angabe anonymisierter Daten oder eines Pseudonyms gestattet. Eine Weiterleitung an Dritte erfolgt nicht ohne ausdr\u00fcckliche Zustimmung des Users.<\/p>\n<p>Die Nutzung der im Rahmen des Impressums oder vergleichbarer Angaben ver\u00f6ffentlichten Kontaktdaten wie Postanschriften, Telefon- und Faxnummern sowie Emailadressen durch Dritte zur \u00dcbersendung von nicht ausdr\u00fccklich angeforderten Informationen ist nicht gestattet. Rechtliche Schritte gegen die Versender von sogenannten Spam-Mails bei Verst\u00f6\u00dfen gegen dieses Verbot sind ausdr\u00fccklich vorbehalten.<\/p>\n<h4>5. Rechtswirksamkeit dieses Haftungsausschlusses<\/h4>\n<p>Dieser Haftungsausschluss ist als Teil des Informationsangebotes zu betrachten, von dem aus auf diese Seite verwiesen wurde. Sofern Teile oder einzelne Formulierungen dieses Textes der geltenden Rechtslage nicht, nicht mehr oder nicht vollst\u00e4ndig entsprechen sollten, bleiben die \u00fcbrigen Teile des Dokumentes in ihrem Inhalt und ihrer G\u00fcltigkeit davon unber\u00fchrt.<\/p>\n<h4>6. Hinweis auf EU-Streitschlichtung<\/h4>\n<p>Die Europ\u00e4ische Kommission stellt eine Plattform zur Online-Streitbeilegung (OS) bereit:\u00a0<a title=\"\u00d6ffnet internen Link im aktuellen Fenster\" href=\"http:\/\/ec.europa.eu\/consumers\/odr\/\" target=\"_blank\" rel=\"noopener noreferrer\">ec.europa.eu\/consumers\/odr\/<\/a><br \/>\n<b>Hinweis<\/b>: Dieser Link f\u00fchrt auf die Seite eines anderen Anbieters und Sie verlassen unsere Webseite.<\/p>\n<p>Unsere E-Mail-Adresse finden Sie oben im Impressum. Hinweis auf Verbraucherstreitbeilegung gem\u00e4\u00df VSBG<br \/>\nDer\u00a0<b>BRK-Bezirksverband Schwaben<\/b>\u00a0nimmt nicht an Streitbeilegungsverfahren vor einer Streitbeilegungsstelle teil.\u00a0<a class=\"internal-link\" title=\"\u00d6ffnet internen Link im aktuellen Fenster\" href=\"https:\/\/www.bvschwaben.brk.de\/footer-menue-deutsch\/service\/datenschutzerklaerung.html\">siehe auch \u201eDatenschutz\u201c<\/a><\/p>\n<\/div>\n<\/div>\n<\/div>\n<p>Alle Inhalte und Fotos sind urheberrechtlich gesch\u00fctzt.<\/p>\n<p><strong>Gestaltung <\/strong><strong>und Technische Umsetzung:<\/strong><\/p>\n<p>Projektgruppe Abenteuer Siedeln<\/p>\n<p><strong>WordPress-CMS-Webhosting durch:<\/strong><\/p>\n<p class=\"mb20--xs font--bold mt20--xs\">STRATO AG<br \/>\nOtto-Ostrowski-Stra\u00dfe 7<br \/>\n10249 Berlin<\/p>\n<dl class=\"row\">\n<dt class=\"col-sm-5 col-md-8 mt20--xs\">Telefon:\u00a0030-300 146 0<br \/>\nE-Mail: impressum@strato.de<\/dt>\n<dd class=\"col-sm-15 col-md-12 mt20--sm\"><\/dd>\n<dd class=\"col-sm-15 col-md-12 mt20--sm\"><\/dd>\n<\/dl>\n<p>Copyright \u00a9 2023\u00a0<a style=\"pointer-events: none;\" title=\"Abenteuer Siedeln\" href=\"http:\/\/abenteuer-siedeln.de\/blog\/\">Abenteuer Siedeln<\/a> Theme by: <a style=\"pointer-events: none;\" title=\"Theme Horse\" href=\"http:\/\/themehorse.com\" target=\"_blank\" rel=\"noopener\">Theme Horse<\/a> Powered by: <a style=\"pointer-events: none;\" title=\"WordPress\" href=\"http:\/\/wordpress.org\" target=\"_blank\" rel=\"noopener\">WordPress<\/a><\/p>\n","protected":false},"excerpt":{"rendered":"<p>Anbieterkennung nach \u00a7 5 TMG Bayerisches Rotes Kreuz, K\u00f6rperschaft des \u00f6ffentlichen Rechts Bezirksverband Schwaben vertreten durch den Bezirksgesch\u00e4ftsf\u00fchrer Robert Augustin Fabrikstra\u00dfe 2 86199 Augsburg Telefon: (08 21) 90 60 777 eMail: info.bvswb@brk.de Sofern Sie \u00fcber eine sichere elektronische Verbindung mit&hellip; <\/p>\n","protected":false},"author":1,"featured_media":0,"parent":0,"menu_order":5,"comment_status":"closed","ping_status":"closed","template":"","meta":{"footnotes":""},"class_list":["post-12","page","type-page","status-publish","hentry"],"_links":{"self":[{"href":"https:\/\/abenteuer-siedeln.de\/blog\/wp-json\/wp\/v2\/pages\/12","targetHints":{"allow":["GET"]}}],"collection":[{"href":"https:\/\/abenteuer-siedeln.de\/blog\/wp-json\/wp\/v2\/pages"}],"about":[{"href":"https:\/\/abenteuer-siedeln.de\/blog\/wp-json\/wp\/v2\/types\/page"}],"author":[{"embeddable":true,"href":"https:\/\/abenteuer-siedeln.de\/blog\/wp-json\/wp\/v2\/users\/1"}],"replies":[{"embeddable":true,"href":"https:\/\/abenteuer-siedeln.de\/blog\/wp-json\/wp\/v2\/comments?post=12"}],"version-history":[{"count":23,"href":"https:\/\/abenteuer-siedeln.de\/blog\/wp-json\/wp\/v2\/pages\/12\/revisions"}],"predecessor-version":[{"id":4219,"href":"https:\/\/abenteuer-siedeln.de\/blog\/wp-json\/wp\/v2\/pages\/12\/revisions\/4219"}],"wp:attachment":[{"href":"https:\/\/abenteuer-siedeln.de\/blog\/wp-json\/wp\/v2\/media?parent=12"}],"curies":[{"name":"wp","href":"https:\/\/api.w.org\/{rel}","templated":true}]}}

<h3 class="o-cms-content__headline">Anbieterkennung nach § 5 TMG</h3>
<p><strong>Bayerisches Rotes Kreuz, Körperschaft des öffentlichen Rechts<br />
Bezirksverband Schwaben</strong><br />
vertreten durch den Bezirksgeschäftsführer Robert Augustin<br />
Fabrikstraße 2<br />
86199 Augsburg</p>
<p>Telefon: (08 21) 90 60 777</p>
<p>eMail: info.bvswb@brk.de</p>
<p>Sofern Sie über eine sichere elektronische Verbindung mit uns in Kontakt treten wollen, nutzen Sie unser verschlüsseltes <a href="https://www.bvschwaben.brk.de/wir-ueber-uns/kontakt/kontaktformular.html" target="_blank" rel="noopener"><strong>Kontaktformular.</strong></a></p>
<p><strong>Die hier enthaltenen Informationen beinhalten die gesetzlich vorgesehenen Pflichtangaben zur Anbieterkennzeichnung zur Internetpräsenz des Bayerischen Roten Kreuzes. Dieses Impressum gilt ebenso für die BRK-Seiten des Bezirksverbandes bei Facebook und anderen sozialen Netzwerken.</strong></p>
<p>Vertretungsberechtigte</p>
<p>Der <strong>BRK-Bezirksverband Schwaben </strong>wird gesetzlich vertreten durch den Vorsitzenden Dr. Klaus Metzger und den Bezirksgeschäftsführer Robert Augustin.</p>
<p>Das Bayerische Rote Kreuz (BRK) ist eine <strong>Körperschaft des öffentlichen Rechts</strong>. Die Körperschaft des BRK wird vertreten durch das</p>
<p>Präsidium<br />
Bauernfeindstraße 17<br />
80939 München</p>
<p><strong>Präsident: </strong>Hans-Michael Weisky<strong><br />
Landesgeschäftsführer: </strong>Robert Augustin</p>
<p><strong>Telefon:</strong> 089 / 92 41-0<br />
<strong>Fax: </strong>089 / 9241-1200<br />
<strong>E-Mail: </strong><a href="https://www.brk-nu.de/service/impressum.html#" data-mailto-token="kygjrm8gldmYzpi,bc" data-mailto-vector="-2">info(at)brk(dot)de</a><br />
<strong>Internet: </strong><a href="http://www.brk.de/" target="_blank" rel="noopener noreferrer">www.brk.de</a></p>
<p>Internet-Webmaster: Peter Huber / Thomas Haugg</p>
<p><strong>USt-Id.-Nr.:</strong> DE129523533</p>
<h3 class="o-cms-content__headline">Haftungsausschluss</h3>
<div class="o-cms-content__body">
<div class="o-media o-media--stacked">
<div class="o-media__body">
<h3>1. Inhalt der Seiten</h3>
<p>Der <b>BRK-Bezirksverband Schwaben</b> übernimmt keinerlei Gewähr für die Aktualität, Korrektheit, Vollständigkeit oder Qualität der bereitgestellten Inhalte. Haftungsansprüche gegen den <b>BRK-Bezirksverband Schwaben</b>, welche sich auf Schäden materieller oder ideeller Art beziehen, die durch die Nutzung oder Nichtnutzung der dargebotenen Informationen bzw. durch die Nutzung fehlerhafter und unvollständiger Informationen verursacht wurden, sind grundsätzlich ausgeschlossen, sofern seitens des <b>BRK-Bezirksverband Schwaben</b> kein nachweislich vorsätzliches oder grob fahrlässiges Verschulden vorliegt.</p>
<h3>2. Verweise und Links</h3>
<p>Die Verantwortlichkeit des Diensteanbieters beschränkt sich gemäß § 7 Abs. 1 TMG ausschließlich auf die vom Diensteanbieter bereitgehaltenen eigenen Inhalte. Darüber hinaus enthält die Website auch entsprechend gekennzeichnete Verweise oder Links auf Websites Dritter. Auf die aktuelle und zukünftige Gestaltung, die Inhalte oder die Urheberschaft der verlinkten/verknüpften Seiten hat der <b>BRK-Bezirksverband Schwaben</b> keinerlei Einfluss. Für den Inhalt der Seite ist allein der jeweilige Anbieter der Seite verantwortlich, weshalb der <b>BRK-Bezirksverband Schwaben</b> diesbezüglich keine Gewähr übernimmt.</p>
<p>Der <b>BRK-Bezirksverband Schwaben</b> erklärt hiermit ausdrücklich, dass zum Zeitpunkt der Linksetzung keine illegalen Inhalte auf den zu verlinkenden Seiten erkennbar waren. Eine permanente inhaltliche Kontrolle der verlinkten Seiten ohne konkrete Anhaltspunkte einer Rechtsverletzung ist jedoch nicht zumutbar. Bei Bekanntwerden von Rechtsverletzungen werden derartige Links umgehend entfernt.</p>
<h3>3. Urheber- und Kennzeichenrecht</h3>
<p>Der <b>BRK-Bezirksverband Schwaben</b> ist bestrebt, in allen Publikationen die Urheberrechte der verwendeten Bilder, Grafiken, Tondokumente, Videosequenzen und Texte zu beachten, von ihm selbst erstellte Bilder, Grafiken, Tondokumente, Videosequenzen und Texte zu nutzen oder auf lizenzfreie Grafiken, Tondokumente, Videosequenzen und Texte zurückzugreifen.</p>
<p>Alle innerhalb des Internetangebotes genannten und ggf. durch Dritte geschützten Marken- und Warenzeichen unterliegen uneingeschränkt den Bestimmungen des jeweils gültigen Kennzeichenrechts und den Besitzrechten der jeweiligen eingetragenen Eigentümer. Allein aufgrund der bloßen Nennung ist nicht der Schluss zu ziehen, dass Markenzeichen nicht durch Rechte Dritter geschützt sind!</p>
<p>Das Copyright für veröffentlichte, vom <b>BRK-Bezirksverband Schwaben</b> selbst erstellte Objekte bleibt allein beim Autor der Seiten. Eine Vervielfältigung, Bearbeitung, Verbreitung und jede Art der Verwertung außerhalb der Grenzen des Urheberrechts solcher Grafiken, Tondokumente, Videosequenzen und Texte in anderen elektronischen oder gedruckten Publikationen bedürfen der schriftlichen Zustimmung des Autors. Downloads und Kopien sind nur für den privaten, nicht aber den kommerziellen Gebrauch gestattet.</p>
<h4>4. Datenschutz</h4>
<p>Sofern innerhalb der Website die Möglichkeit zur Eingabe persönlicher oder geschäftlicher Daten (Mailadressen, Namen, Anschriften) besteht, so erfolgt die Preisgabe dieser Daten seitens des Nutzers auf ausdrücklich freiwilliger Basis. Die Inanspruchnahme und ggf. Bezahlung aller angebotenen Dienste ist &#8211; soweit technisch möglich und zumutbar &#8211; auch ohne Angabe solcher Daten bzw. unter Angabe anonymisierter Daten oder eines Pseudonyms gestattet. Eine Weiterleitung an Dritte erfolgt nicht ohne ausdrückliche Zustimmung des Users.</p>
<p>Die Nutzung der im Rahmen des Impressums oder vergleichbarer Angaben veröffentlichten Kontaktdaten wie Postanschriften, Telefon- und Faxnummern sowie Emailadressen durch Dritte zur Übersendung von nicht ausdrücklich angeforderten Informationen ist nicht gestattet. Rechtliche Schritte gegen die Versender von sogenannten Spam-Mails bei Verstößen gegen dieses Verbot sind ausdrücklich vorbehalten.</p>
<h4>5. Rechtswirksamkeit dieses Haftungsausschlusses</h4>
<p>Dieser Haftungsausschluss ist als Teil des Informationsangebotes zu betrachten, von dem aus auf diese Seite verwiesen wurde. Sofern Teile oder einzelne Formulierungen dieses Textes der geltenden Rechtslage nicht, nicht mehr oder nicht vollständig entsprechen sollten, bleiben die übrigen Teile des Dokumentes in ihrem Inhalt und ihrer Gültigkeit davon unberührt.</p>
<h4>6. Hinweis auf EU-Streitschlichtung</h4>
<p>Die Europäische Kommission stellt eine Plattform zur Online-Streitbeilegung (OS) bereit: <a title="Öffnet internen Link im aktuellen Fenster" href="http://ec.europa.eu/consumers/odr/" target="_blank" rel="noopener noreferrer">ec.europa.eu/consumers/odr/</a><br />
<b>Hinweis</b>: Dieser Link führt auf die Seite eines anderen Anbieters und Sie verlassen unsere Webseite.</p>
<p>Unsere E-Mail-Adresse finden Sie oben im Impressum. Hinweis auf Verbraucherstreitbeilegung gemäß VSBG<br />
Der <b>BRK-Bezirksverband Schwaben</b> nimmt nicht an Streitbeilegungsverfahren vor einer Streitbeilegungsstelle teil. <a class="internal-link" title="Öffnet internen Link im aktuellen Fenster" href="https://www.bvschwaben.brk.de/footer-menue-deutsch/service/datenschutzerklaerung.html">siehe auch „Datenschutz“</a></p>
</div>
</div>
</div>
<p>Alle Inhalte und Fotos sind urheberrechtlich geschützt.</p>
<p><strong>Gestaltung </strong><strong>und Technische Umsetzung:</strong></p>
<p>Projektgruppe Abenteuer Siedeln</p>
<p><strong>WordPress-CMS-Webhosting durch:</strong></p>
<p class="mb20--xs font--bold mt20--xs">STRATO AG<br />
Otto-Ostrowski-Straße 7<br />
10249 Berlin</p>
<dl class="row">
<dt class="col-sm-5 col-md-8 mt20--xs">Telefon: 030-300 146 0<br />
E-Mail: impressum@strato.de</dt>
<dd class="col-sm-15 col-md-12 mt20--sm"></dd>
<dd class="col-sm-15 col-md-12 mt20--sm"></dd>
</dl>
<p>Copyright © 2023 <a style="pointer-events: none;" title="Abenteuer Siedeln" href="http://abenteuer-siedeln.de/blog/">Abenteuer Siedeln</a> Theme by: <a style="pointer-events: none;" title="Theme Horse" href="http://themehorse.com" target="_blank" rel="noopener">Theme Horse</a> Powered by: <a style="pointer-events: none;" title="WordPress" href="http://wordpress.org" target="_blank" rel="noopener">WordPress</a></p>

<p>Anbieterkennung nach § 5 TMG Bayerisches Rotes Kreuz, Körperschaft des öffentlichen Rechts Bezirksverband Schwaben vertreten durch den Bezirksgeschäftsführer Robert Augustin Fabrikstraße 2 86199 Augsburg Telefon: (08 21) 90 60 777 eMail: info.bvswb@brk.de Sofern Sie über eine sichere elektronische Verbindung mit&hellip; </p>
