{"id":992,"date":"2013-06-26T20:17:01","date_gmt":"2013-06-26T18:17:01","guid":{"rendered":"http:\/\/abenteuer-siedeln.de\/blog\/?page_id=992"},"modified":"2025-06-23T07:35:06","modified_gmt":"2025-06-23T05:35:06","slug":"start","status":"publish","type":"page","link":"https:\/\/abenteuer-siedeln.de\/blog\/","title":{"rendered":"Liebe Siedler,"},"content":{"rendered":"<p><strong>DANKE f\u00fcr eine legend\u00e4re Woche beim Abenteuer Siedeln!<\/strong><\/p>\n<p>Das Abenteuer Siedeln 2025 war ein voller Erfolg \u2013 mit Sonne im Herzen, Zelten unter freiem Himmel und ganz viel Gemeinschaft im Gep\u00e4ck. Wir danken allen Teilnehmer*innen und Helfer*innen, die dieses Erlebnis m\u00f6glich gemacht haben.<\/p>\n<p><strong>Und jetzt?<\/strong><br \/>\nNach dem Abenteuer ist vor dem Abenteuer! Wir freuen uns schon riesig auf <strong>Abenteuer Siedeln 2027<\/strong>\u00a0\u2013 mit neuen Ideen, neuen Geschichten und hoffentlich wieder mit euch! Die Vorfreude w\u00e4chst, die Pl\u00e4ne reifen, und wir k\u00f6nnen es kaum erwarten, erneut gemeinsam loszuziehen.<\/p>\n<p>Bleibt gespannt \u2013 wir halten euch hier auf dem Laufenden!<\/p>\n<p><strong>Eure Projektgruppe<\/strong><\/p>\n","protected":false},"excerpt":{"rendered":"<p>DANKE f\u00fcr eine legend\u00e4re Woche beim Abenteuer Siedeln! Das Abenteuer Siedeln 2025 war ein voller Erfolg \u2013 mit Sonne im Herzen, Zelten unter freiem Himmel und ganz viel Gemeinschaft im Gep\u00e4ck. Wir danken allen Teilnehmer*innen und Helfer*innen, die dieses Erlebnis&hellip; <\/p>\n","protected":false},"author":1,"featured_media":0,"parent":0,"menu_order":0,"comment_status":"closed","ping_status":"closed","template":"","meta":{"footnotes":""},"class_list":["post-992","page","type-page","status-publish","hentry"],"_links":{"self":[{"href":"https:\/\/abenteuer-siedeln.de\/blog\/wp-json\/wp\/v2\/pages\/992","targetHints":{"allow":["GET"]}}],"collection":[{"href":"https:\/\/abenteuer-siedeln.de\/blog\/wp-json\/wp\/v2\/pages"}],"about":[{"href":"https:\/\/abenteuer-siedeln.de\/blog\/wp-json\/wp\/v2\/types\/page"}],"author":[{"embeddable":true,"href":"https:\/\/abenteuer-siedeln.de\/blog\/wp-json\/wp\/v2\/users\/1"}],"replies":[{"embeddable":true,"href":"https:\/\/abenteuer-siedeln.de\/blog\/wp-json\/wp\/v2\/comments?post=992"}],"version-history":[{"count":57,"href":"https:\/\/abenteuer-siedeln.de\/blog\/wp-json\/wp\/v2\/pages\/992\/revisions"}],"predecessor-version":[{"id":4215,"href":"https:\/\/abenteuer-siedeln.de\/blog\/wp-json\/wp\/v2\/pages\/992\/revisions\/4215"}],"wp:attachment":[{"href":"https:\/\/abenteuer-siedeln.de\/blog\/wp-json\/wp\/v2\/media?parent=992"}],"curies":[{"name":"wp","href":"https:\/\/api.w.org\/{rel}","templated":true}]}}